 highest common divisor of 4355 and 5762.
67
Calculate the greatest common divisor of 56 and 268086.
14
What is the highest common factor of 7536 and 4119680?
2512
Calculate the greatest common divisor of 704 and 524192.
32
What is the greatest common divisor of 45877 and 351?
13
What is the greatest common factor of 2836 and 25305628?
2836
What is the greatest common divisor of 207 and 1731?
3
Calculate the greatest common factor of 3613533 and 231.
231
What is the greatest common factor of 42924 and 12?
12
What is the highest common divisor of 14512 and 8?
8
What is the greatest common divisor of 195 and 10110?
15
What is the greatest common factor of 4256 and 190?
38
Calculate the greatest common factor of 6675 and 8175.
75
What is the greatest common factor of 1527 and 174?
3
What is the highest common factor of 205 and 15334?
41
What is the highest common factor of 46 and 24357?
23
What is the highest common divisor of 300 and 29300?
100
Calculate the greatest common factor of 5505 and 645.
15
What is the greatest common divisor of 1080 and 16776?
72
What is the greatest common factor of 5448 and 115089?
681
Calculate the greatest common divisor of 31958 and 722.
38
What is the highest common divisor of 4990 and 15?
5
What is the greatest common divisor of 119 and 1326?
17
Calculate the greatest common factor of 27688 and 32.
8
Calculate the highest common divisor of 304892 and 2492.
28
What is the highest common divisor of 109850 and 1300?
650
Calculate the greatest common factor of 1056 and 29469.
33
What is the highest common divisor of 39 and 188253?
39
What is the highest common divisor of 7685 and 7155?
265
What is the highest common factor of 35857 and 391?
23
Calculate the highest common divisor of 2486 and 15368.
226
Calculate the highest common divisor of 72 and 6309.
9
Calculate the highest common divisor of 9462 and 24.
6
Calculate the greatest common divisor of 66 and 337557.
33
What is the highest common factor of 263847 and 999?
111
What is the highest common divisor of 299125 and 875?
125
Calculate the greatest common factor of 198 and 53702.
22
What is the greatest common divisor of 3525 and 185?
5
Calculate the highest common divisor of 51810 and 165.
165
What is the greatest common divisor of 69248 and 512?
128
Calculate the greatest common factor of 1525 and 22082.
61
What is the highest common divisor of 555492 and 238?
238
What is the highest common factor of 221748 and 3264?
204
What is the greatest common divisor of 128011 and 3664?
229
What is the highest common factor of 437668 and 4802?
686
What is the highest common factor of 25628 and 5364?
596
What is the greatest common factor of 215529 and 42?
3
What is the highest common factor of 438886 and 203?
203
Calculate the highest common divisor of 34987 and 413.
59
Calculate the greatest common divisor of 19664 and 40.
8
What is the highest common factor of 10224 and 5589?
9
Calculate the greatest common factor of 31140 and 1980.
180
What is the greatest common divisor of 14317 and 103?
103
What is the greatest common divisor of 230556 and 78?
6
What is the greatest common divisor of 648857 and 2013?
671
Calculate the highest common factor of 3005849 and 616.
77
Calculate the highest common factor of 1760 and 7260.
220
What is the highest common factor of 1147047 and 330?
33
What is the greatest common factor of 6004 and 35492?
76
What is the greatest common divisor of 41685 and 105?
105
Calculate the highest common factor of 48465 and 135.
135
Calculate the greatest common factor of 13447 and 306.
17
Calculate the greatest common factor of 874 and 32384.
46
Calculate the greatest common divisor of 548332 and 232.
116
Calculate the greatest common divisor of 24 and 21006.
6
What is the highest common divisor of 150 and 231675?
75
Calculate the greatest common divisor of 35440 and 2160.
80
What is the greatest common factor of 17313 and 76416?
597
What is the highest common factor of 32000 and 750?
250
What is the highest common divisor of 2367 and 1279758?
789
What is the greatest common factor of 28 and 60466?
14
Calculate the greatest common factor of 137808 and 99.
99
Calculate the greatest common divisor of 19641 and 33.
3
Calculate the highest common divisor of 2687200 and 2000.
400
Calculate the highest common factor of 15822 and 2322.
54
Calculate the highest common divisor of 1980 and 2981.
11
What is the highest common factor of 73578 and 114?
6
What is the highest common divisor of 575 and 29394?
23
Calculate the highest common divisor of 99 and 1591722.
99
What is the greatest common factor of 3123 and 401826?
1041
What is the greatest common divisor of 494 and 46094?
38
Calculate the greatest common factor of 22 and 853204.
22
Calculate the highest common divisor of 141 and 39903.
141
Calculate the highest common divisor of 7250 and 754.
58
What is the highest common factor of 4213 and 29?
1
What is the greatest common factor of 100 and 797?
1
Calculate the highest common factor of 654560 and 8.
8
Calculate the highest common factor of 41451 and 123.
123
Calculate the highest common divisor of 20 and 2603660.
20
What is the highest common divisor of 674036 and 44?
44
What is the highest common divisor of 682 and 22382?
62
Calculate the highest common factor of 3812608 and 281.
281
Calculate the greatest common factor of 20 and 7420.
20
What is the highest common factor of 35285 and 20?
5
Calculate the highest common factor of 55 and 10153.
11
What is the highest common factor of 12 and 90633?
3
Calculate the highest common divisor of 3263 and 43423.
251
What is the highest common divisor of 402765 and 165?
165
Calculate the greatest common factor of 60555 and 1485.
165
What is the highest common divisor of 9 and 8214759?
9
What is the highest common divisor of 303330 and 150?
30
Calculate the highest common divisor of 121 and 9317.
121
What is the greatest common factor of 54897 and 377?
29
What is the greatest common factor of 4000 and 2?
2
Calculate the greatest common divisor of 396 and 29604.
12
Calculate the greatest common factor of 346112 and 39.
13
Calculate the highest common divisor of 693 and 79983.
9
Calculate the greatest common divisor of 861 and 1107.
123
Calculate the greatest common factor of 441638 and 922.
922
Calculate the greatest common factor of 24272446 and 22.
22
Calculate the greatest common factor of 5058765 and 237.
237
Calculate the greatest common divisor of 9770 and 25.
5
What is the highest common factor of 3612 and 13932?
516
What is the greatest common divisor of 724 and 69142?
362
What is the highest common divisor of 90180 and 348?
12
Calculate the highest common factor of 4998 and 4242.
42
What is the highest common divisor of 408 and 45186?
102
What is the highest common divisor of 2664 and 104562?
666
Calculate the highest common factor of 500236 and 242.
22
Calculate the greatest common divisor of 780 and 960.
60
What is the greatest common factor of 616 and 294536?
88
What is the greatest common factor of 174246 and 678?
678
Calculate the highest common divisor of 108 and 24903.
9
Calculate the greatest common factor of 4186207 and 23.
23
Calculate the greatest common factor of 434754 and 996.
498
What is the highest common factor of 21 and 26157?
3
What is the greatest common divisor of 288165 and 120?
15
Calculate the greatest common divisor of 120 and 5240440.
40
Calculate the greatest common factor of 138905 and 8905.
65
What is the highest common factor of 7744 and 128?
64
What is the highest common divisor of 3058 and 220?
22
What is the greatest common factor of 9167 and 890?
89
What is the greatest common factor of 2431 and 297?
11
What is the highest common factor of 97768 and 7568?
88
Calculate the highest common factor of 115 and 698395.
115
What is the greatest common factor of 14685 and 66?
33
What is the highest common factor of 8568 and 4536?
504
Calculate the highest common factor of 198 and 101772.
198
Calculate the highest common divisor of 1684120 and 1704.
568
What is the highest common factor of 20 and 5064?
4
What is the greatest common divisor of 333 and 1378953?
333
Calculate the highest common divisor of 31 and 124155.
31
What is the highest common divisor of 176 and 6556?
44
Calcul